j) = -15*j - 10. Let y be l(-11). Let b = 221 - y. What is the greatest common factor of b and 6?
6
Suppose 0 = -2*q - 6, -3*b + 19 + 8 = -4*q. Suppose 0 = -x - 0*x + 5. Calculate the greatest common factor of x and b.
5
Let u = 179 - 166. What is the highest common factor of 52 and u?
13
Let n be (-3)/9 + (-2)/(-6). Suppose -i - 2*r - 14 = -n*r, -i = 4*r + 18. Let m be i/(-2 - (4 + -4)). What is the highest common factor of m and 1?
1
Let s = -1035 + 1107. What is the greatest common divisor of 162 and s?
18
Let y = 355 + 23. Calculate the greatest common divisor of y and 18.
18
Suppose 3*t + 10 = 25. Let a be (-6)/16 + (-406)/(-16). Calculate the greatest common divisor of a and t.
5
Let j(s) be the third derivative of s**6/120 - 3*s**5/20 + 4*s**3/3 - s**2 - 4*s. Let o = 3 + 6. Let q be j(o). Calculate the highest common divisor of q and 2.
2
Suppose -3*q + 0*q = 5*w - 46, w + 3*q - 14 = 0. Let g(z) = 2*z - 1 - z + w - 3. Let d be g(-2). What is the highest common factor of 2 and d?
2
Suppose -9*o = -7*o - 16. Let y(i) be the second derivative of i**4/12 - i**3/3 - 7*i**2/2 + 2*i. Let b be y(5). What is the highest common divisor of b and o?
8
Let u be 78/4 - 3/(-6). Let w be (u/6)/((-2)/(-6)). Suppose h + 2*j - 6 = 0, -8*h - 8*j = -10*h + 36. What is the greatest common divisor of h and w?
10
Let t(n) = -n + 11. Let r be t(8). Suppose -126 = -r*q + 234. What is the highest common factor of q and 20?
20
Let k(g) = 3*g**2 - 13*g + 30. Let x be k(6). Calculate the highest common divisor of x and 190.
10
Let t be (-960)/2*2/(-4). Suppose z + 3*z - t = 0. Suppose -z - 9 = -3*q. What is the highest common divisor of q and 23?
23
Let s(a) = 3*a**2 + 12*a + 3. Let k(v) = 4*v**2 + 13*v + 4. Let i(j) = -5*k(j) + 6*s(j). Let x be i(3). Calculate the greatest common factor of 7 and x.
1
Let l = 384 - 351. What is the greatest common factor of 1089 and l?
33
Suppose 150*v - 19623 + 6123 = 0. What is the highest common divisor of 70 and v?
10
Let h(z) = -z**2 + 12*z + 8. Let r be h(10). Suppose -o = 3*o + 4, -y + 4*o + r = 0. Let a be 1 + 1*(57 + 2). Calculate the greatest common factor of y and a.
12
Let l(s) = -32*s - s**2 + 30*s - 2 + 0*s**2 - 2*s**3. Let j be l(-2). Suppose -96 = -3*a + 9. Calculate the greatest common divisor of j and a.
7
Suppose -26*x + 286 = -1534. Calculate the highest common factor of 336 and x.
14
Let y = 12 + -8. Suppose -y*r + 0*r = 0. Suppose r = 3*x + x - 48. What is the highest common factor of x and 84?
12
Let i = 282 - 272. What is the greatest common factor of i and 320?
10
Let x = -14 - -14. Suppose x = 2*q - 0*q - 10. Suppose q*i - 69 - 1 = 0. What is the greatest common factor of 7 and i?
7
Suppose 5*k - 138 = 337. Let c be (-19)/(10/(-12) - 1/(-3)). Calculate the greatest common divisor of c and k.
19
Let m = 88 + -25. Let o be (15/(-6))/(3/(-6)). Suppose 22 = o*g - 23. What is the highest common factor of g and m?
9
Suppose 5*b - 56 = -51. Let j be (33 + b)/((-10)/(-95)). What is the highest common divisor of j and 19?
19
Let i(v) = -v**2 - 21*v + 9. Let a(k) = k**2 + 10*k - 4. Let m(u) = 13*a(u) + 6*i(u). Let s be m(-1). Calculate the highest common factor of s and 5.
5
Let s(j) = 2*j + 25. Let b be s(-11). Suppose -v - v - 4 = -a, 12 = b*a + 4*v. What is the greatest common divisor of 8 and a?
4
Suppose -3*x = -143 - 433. Suppose -26*i = 8*i - 263 - 553. What is the greatest common divisor of i and x?
24
Suppose 6*s + 324 = 2*s. Let g be (s/(-2))/((-12)/(-32)). Let i be (-318)/(-27) + 18/81. Calculate the greatest common factor of i and g.
12
Suppose -25*a - 3553 = -36*a. Calculate the highest common divisor of a and 38.
19
Let s be (1 - (-58)/(-6))*6. Let m = s - -213. Suppose -4*j = -141 + 49. What is the highest common divisor of j and m?
23
Suppose -27*m + 31*m - 132 = 0. What is the greatest common divisor of 891 and m?
33
Let m = -110 - -270. Let c be ((-2)/6)/((-7)/609). Let x = 45 - c. Calculate the greatest common factor of m and x.
16
Let l be -6 + 9/(-3) + -1. Let b be l*(-3)/(-15)*-4. Suppose 5*m + 0*i = 5*i + 55, 3*m - 31 = 5*i. What is the greatest common factor of b and m?
4
Suppose -2*u + 8 = v + 2*v, 22 = 2*v - 2*u. Suppose k + 4*m + v = 0, 1 + 61 = 5*k - 3*m. Calculate the highest common factor of k and 30.
10
Let y be 1*(2 + -2)*-1. Let o = y - 109. Let m = o - -256. Calculate the highest common factor of m and 21.
21
Suppose 4*o - l - 538 = 0, 0 = 5*o + 6*l - 4*l - 679. Calculate the greatest common divisor of o and 180.
45
Suppose 58*s - 57 = 55*s. What is the greatest common factor of s and 931?
19
Let b(c) be the first derivative of c**2/2 - 19*c + 34. Let u be b(31). Let i be (-1 + 10)/(6/88). What is the highest common factor of u and i?
12
Let z be (-4)/(-22) + 8376/33 + -2. Suppose 0 = 29*y - 23*y - z. Calculate the greatest common factor of y and 98.
14
Let y(r) be the second derivative of 1/2*r**3 - 3/2*r**2 + 0 + 10*r + 1/12*r**4. Let d be y(-12). Calculate the greatest common divisor of 21 and d.
21
Suppose -97*s + 127292 = -114335. Calculate the highest common divisor of s and 94.
47
Let p(r) = -3*r + 42. Let x be p(10). Calculate the greatest common divisor of 276 and x.
12
Let q = -178 + 368. Calculate the greatest common factor of q and 20.
10
Let f be (4 - (-2 + 5))/(-1)*-252. What is the highest common factor of f and 9?
9
Let l = -45 + 49. Suppose m - 65 = -r - l*r, 3*m = 0. Let n = -130 - -195. Calculate the greatest common divisor of n and r.
13
Suppose -5*v + 120 = 2*x, 0 = 4*v - 8*v - 5*x + 96. Calculate the greatest common divisor of 96 and v.
24
Let c(u) = u**2 - 18*u + 78. Let k be c(12). Calculate the highest common factor of k and 24.
6
Let p(h) = -2*h + 22. Suppose 0 = n - 2*r - 3, -4*n - r + 21 = -0*r. Let t be p(n). Calculate the greatest common factor of t and 24.
12
Suppose 0 = 5*g - 5*r - 40, 0 = 2*g + 5*r - 12 + 3. Calculate the highest common factor of 56 and g.
7
Let b = 5290 + -2638. What is the greatest common divisor of b and 52?
52
Let t = 124 - 343. Let m = 363 + t. Calculate the highest common factor of m and 16.
16
Let k be 12*(-4 + (-52)/(-8)). Suppose -2*t - 1 = v, -v - 7 = -3*t - 21. Calculate the highest common divisor of k and v.
5
Suppose 24*d - 82 - 230 = 0. Calculate the greatest common divisor of d and 689.
13
Let h(y) = 7*y**2 + 4*y - 6. Let z be h(3). What is the highest common divisor of 115 and z?
23
Let h be (-54)/(-1*(2 + 0)). Suppose g - 32 = -2*z + 2*g, 0 = -5*g + 20. What is the greatest common divisor of h and z?
9
Let b be (8/6)/(8/30). Suppose u = b*j + 4*u - 25, -j + 18 = -2*u. Calculate the highest common divisor of j and 12.
4
Let j = 255 - 146. Let b = j + -77. What is the highest common divisor of 4 and b?
4
Suppose -3*n - 14 = -6*n + 5*z, 0 = -4*z + 8. Let l be 1 - -9 - 0/n. What is the greatest common divisor of 2 and l?
2
Let t(a) = a**3 + 8*a**2 - 8*a - 16. Let s be t(-5). Calculate the greatest common factor of 18 and s.
9
Let d(s) = s**3 - s**2 - 19*s + 61. Let o be d(4). Calculate the highest common divisor of o and 77.
11
Let o = -13 + 23. Let r(b) = 16*b - 27. Let p be r(2). Suppose -p*j = -o*j + 25. What is the greatest common factor of 25 and j?
5
Let k be 500/((13 - 8) + -3). What is the greatest common factor of 10 and k?
10
Suppose -5*s + 8*s = -d + 130, -4*s = 2*d - 172. Calculate the greatest common factor of 55 and s.
11
Let d be 633/(-12) + 2/(-8). Let z = -46 - d. What is the highest common factor of z and 7?
7
Suppose -2*f = 5*f - 308. Let h = f - -3. Suppose 4*x - h = -7. What is the highest common factor of x and 4?
2
Let r(u) be the third derivative of u**5/60 - u**4/12 - 2*u**2. Let i be r(5). Let v be (20 - 21)*(-16 - -1). What is the greatest common factor of v and i?
15
Let j(y) = y**3 + 11*y**2 - 13*y - 9. Let k be j(-12). Suppose n - 10*c = -6*c + 6, c = -k*n + 57. What is the greatest common divisor of 24 and n?
6
Suppose 3*v + v - 116 = 0. Let h = v - -15. What is the highest common divisor of h and 110?
22
Suppose 5*j + 1 = 21. Let q = j + 47. Calculate the greatest common factor of 34 and q.
17
Let r = 140 + -126. Let x be ((-5)/(-2))/(1/2). Suppose 0 = -x*q - 5*i + 140, 7*q - i - 112 = 3*q. What is the greatest common factor of q and r?
14
Let i be (-1530)/(-42) + 3/(-7). Let l = 645 -